se 2, what is 0 + -110101001000110010101?
-110101001000110010101
In base 3, what is -22121200 - 2101102020?
-2201000220
In base 16, what is 113f2 + 34?
11426
In base 15, what is 8450679 + 4?
845067d
In base 3, what is 2011022210 - 102112?
2010220021
In base 6, what is 14350032 - 1003?
14345025
In base 3, what is 1222211100002 + -2020?
1222211020212
In base 9, what is 248 - -4473?
4732
In base 3, what is -2220 - -11220122002?
11220112012
In base 11, what is -45575868 + 5?
-45575863
In base 11, what is -1931 - -155?
-1787
In base 14, what is -6d + 7649?
75ba
In base 5, what is 444 + -110330124?
-110324130
In base 14, what is -5b + -4dda6?
-50023
In base 15, what is -90b20 - -116?
-90a09
In base 4, what is -303232201 + -1030?
-303233231
In base 14, what is a + 4200a0?
4200aa
In base 16, what is 11ee - -151ca?
163b8
In base 16, what is -c2e431 - -6?
-c2e42b
In base 3, what is -111 - -10120000110201?
10120000110020
In base 16, what is -1e2d - 4eb7?
-6ce4
In base 4, what is 11 - 10211203222?
-10211203211
In base 13, what is 45c1 + -b03?
37bb
In base 10, what is -280 + -1002132?
-1002412
In base 4, what is 1120200222230 - 3?
1120200222221
In base 14, what is -4 - 4b5768?
-4b576c
In base 14, what is -82a - 258bb?
-26307
In base 13, what is -3a + 3c746?
3c709
In base 14, what is 288 + 14b972?
14bc1a
In base 14, what is 169 - -77378?
77503
In base 16, what is -3 + -2d619a4?
-2d619a7
In base 10, what is 97613 + 501?
98114
In base 7, what is 552 - 2245341?
-2244456
In base 16, what is 384 + 2bb97?
2bf1b
In base 13, what is -2c189 + 4b7?
-2b9a2
In base 16, what is -d73e + 28?
-d716
In base 6, what is 14101 + 54203?
112304
In base 12, what is 526847 + -3a?
526809
In base 2, what is -110011001110 - 111010100000101?
-1000000111010011
In base 10, what is -150338 + 3401?
-146937
In base 13, what is -5 - aa6204b?
-aa62053
In base 14, what is 4cad65 + 17?
4cad7c
In base 13, what is -84 + 52?
-32
In base 7, what is -1105 - 152056?
-153164
In base 15, what is 4ca - 737c?
-6da2
In base 3, what is -121112 + -1101202002?
-1102100121
In base 8, what is -1734 - -25643?
23707
In base 9, what is -33682826 - 4?
-33682831
In base 14, what is 55826c + -23?
558249
In base 4, what is -11 - 30130212331?
-30130213002
In base 9, what is 1 + -3688526?
-3688525
In base 9, what is 740106 + -3815?
735181
In base 9, what is 21 - 204278?
-204257
In base 11, what is -456 - a8897?
-a9242
In base 16, what is 18 - 654f39?
-654f21
In base 8, what is -2440 + 1117215?
1114555
In base 12, what is -2185a7 - 34?
-21861b
In base 9, what is -5 - 218564420?
-218564425
In base 3, what is 2 + -1000022121010?
-1000022121001
In base 9, what is 3 + 1002145?
1002148
In base 15, what is 7d9 + -1438?
-b4e
In base 10, what is 268905 - 479?
268426
In base 14, what is 6 + 15ba03a?
15ba042
In base 3, what is 11 + -10221020222122211?
-10221020222122200
In base 4, what is 230031002130 - -12?
230031002202
In base 7, what is -45323 - 20024?
-65350
In base 11, what is 186806 + 1?
186807
In base 12, what is -1 - -5b4438?
5b4437
In base 6, what is -351305 + 1543?
-345322
In base 16, what is -5 - -11d815d?
11d8158
In base 13, what is 3 + 97387?
9738a
In base 7, what is 5413 - 203305?
-164562
In base 3, what is 11111021 - 112202200?
-101021102
In base 11, what is 9a24143 - 1?
9a24142
In base 2, what is -11111101110111111101 - -111110011?
-11111101110000001010
In base 4, what is -3 - -11033303211?
11033303202
In base 8, what is -101 - 31413?
-31514
In base 11, what is 24a0979 + 3a?
24a0a08
In base 12, what is 4 + 24123bb6?
24123bba
In base 10, what is -156 + -184325?
-184481
In base 10, what is -29595024 + 3?
-29595021
In base 8, what is 0 + -35717601?
-35717601
In base 10, what is 51601 + 19?
51620
In base 11, what is 11 - -1320152?
1320163
In base 8, what is -5 + -2206453326?
-2206453333
In base 6, what is 135153154 - 5?
135153145
In base 6, what is 1551411 + -53031?
1454340
In base 15, what is -40ceb + 20?
-40ccb
In base 16, what is -12aa7 + -2447?
-14eee
In base 5, what is 242123341 - -1104?
242130000
In base 5, what is -1213334 + 1034?
-1212300
In base 8, what is -123537547 - 5?
-123537554
In base 8, what is -6362752 + 15?
-6362735
In base 4, what is -33 + -13001201?
-13001300
In base 15, what is -4 - -67eede?
67eeda
In base 8, what is 14230 + -1262?
12746
In base 3, what is -2002022002121011 - -21?
-2002022002120220
In base 3, what is -21212210 + 20101121?
-1111012
In base 7, what is 14364 - 201104?
-153410
In base 5, what is -14131311 - -3014?
-14123242
In base 9, what is 4072 - 57054?
-52872
In base 5, what is 132430412 - 0?
132430412
In base 16, what is -a6 - -e56e4?
e563e
In base 8, what is 1063276 + -237?
1063037
In base 9, what is 17638558 + -5?
17638553
In base 7, what is -101615 - -3012?
-65603
In base 5, what is -4430111 + 134?
-4424422
In base 10, what is 624595 + 5?
624600
In base 5, what is -1 + 41000432004?
41000432003
In base 13, what is 159 - 15513?
-15387
In base 13, what is -30 + -ba73a5?
-ba7405
In base 11, what is 8987181 + -5?
8987177
In base 10, what is 1 - -993584?
993585
In base 14, what is 60a - 12594?
-11d88
In base 7, what is 1101 + 11625410?
11626511
In base 14, what is 89c69 - -c?
89c77
In base 11, what is -5a7a2 + 643?
-5a15a
In base 11, what is 22657 + 250?
228a7
In base 7, what is 112324325 + 2?
112324330
In base 12, what is -1176 + -2865?
-3a1b
In base 13, what is 4c + -105291?
-105242
In base 10, what is 8 - 4387129?
-4387121
In base 13, what is -1 - 318b92?
-318b93
In base 6, what is -4503 + 43222?
34315
In base 15, what is -6b - -96241?
961c5
In base 10, what is 247 - -2898135?
2898382
In base 2, what is -101001001100101000011000101 + -100?
-101001001100101000011001001
In base 5, what is -1100120 - 4120?
-1104240
In base 2, what is -1100111000011011 - -1011100?
-1100110110111111
In base 7, what is -63460 + -20356?
-114146
In base 10, what is -139 + 86953?
86814
In base 14, what is ccc9a9 + -1d?
ccc98a
In base 7, what is -2204 - -631340?
626133
In base 9, what is -24 + -4818862?
-4818886
In base 16, what is -2d - 4b907f?
-4b90ac
In base 3, what is -121200122 + -20212?
-121221111
In base 4, what is -12001213203 - 112?
-12001213321
In base 5, what is 332203301411 - -1?
332203301412
In base 7, what is 444 - -253351?
254125
In base 13, what is 10b3 + -43353?
-42270
In base 15, what is -335429b7 + -4?
-335429bb
In base 14, what is 80d8 + -25?
80b3
In base 11, what is 3 - 1361903?
-1361900
In base 10, what is 1 + -36570416?
-36570415
In base 14, what is 227ad741 + -5?
227ad73a
In base 7, what is 11264110430 - 1?
11264110426
In base 6, what is 11 + -55045014?
-55045003
In base 15, what is -5e1e661 + 2?
-5e1e65e
In base 16, what is aa9 + 25ed?
3096
In base 7, what is 615 - 1165120?
-1164202
In base 6, what is 1 + 32504051?
32504052
In base 7, what is 240 - -31235652?
31236222
In base 15, what is -4 + -53d9ea?
-53d9ee
In base 5, what is 1414 + 2413433?
2420402
In base 12, what is 28 - 1184170?
-1184144
In base 7, what is -6140613 - -14?
-6140566
In base 8, what is 16304314 - 0?
16304314
In base 7, what is -2205202431 + -5?
-2205202436
In base 5, what is 4 + 4240123033?
4240123042
In base 15, what is 6ba8 - -537?
71e0
In base 13, what is 178 + 11b56?
12001
In base 5, what is 2 + 1310313044011?
1310313044013
In base 16, what is -1 - 822688a?
-822688b
In base 11, what is a4a5 - 161a7?
-6802
In base 5, what is 2 - -2214133010?
2214133012
In base 2, what is -11110100000 + -11110100110100?
-100010011010100
In base 2, what is -10001101110 - 101010011110110111?
-101010110000100101
In base 5, what is -33 - 4010033110?
-4010033143
In base 4, what is -310213 - 3221001?
-10131220
In base 11, what is -243 + 4a2038?
4a18a5
In base 7, what is -22106 + 2014?
-20062
In base 6, what is 2404 - 25211?
-22403
In base 15, what is 58d2b6 + 40?
58d306
In base 16, what is 2 - -46c229?
46c22b
In base 9, what is 782161871 - -3?
782161874
In base 8, what is -7013646 + -12?
-7013660
In base 8, what is 12746335 - -5?
12746342
In base 6, what is -211031133 + 5?
-211031124
In base 7, what is 6650114 - -66?
6650213
In base 13, what is 1cc19 + 2103?
2201c
In base 3, what is 110011110 + -10102212?
22201121
In base 5, what is 4 + -3312123312?
-3312123303
In base 13, what is 9711b - 144?
96ca7
In base 4, what is -2300211